{"id":2028,"date":"2021-03-02T12:11:00","date_gmt":"2021-03-02T12:11:00","guid":{"rendered":"https:\/\/www.sp11bedzin.edu.pl\/?page_id=2028"},"modified":"2021-03-17T12:23:07","modified_gmt":"2021-03-17T12:23:07","slug":"zajecia-logopedyczne-z-elementami-bajkoterapii","status":"publish","type":"page","link":"https:\/\/www.sp11bedzin.edu.pl\/index.php\/zajecia-logopedyczne-z-elementami-bajkoterapii\/","title":{"rendered":"ZAJ\u0118CIA LOGOPEDYCZNE Z ELEMENTAMI BAJKOTERAPII"},"content":{"rendered":"\t\t<div data-elementor-type=\"wp-page\" data-elementor-id=\"2028\" class=\"elementor elementor-2028\">\n\t\t\t\t\t\t<section class=\"elementor-section elementor-top-section elementor-element elementor-element-118cdb1 elementor-section-boxed elementor-section-height-default elementor-section-height-default\" data-id=\"118cdb1\" data-element_type=\"section\" data-e-type=\"section\">\n\t\t\t\t\t\t<div class=\"elementor-container elementor-column-gap-default\">\n\t\t\t\t\t<div class=\"elementor-column elementor-col-100 elementor-top-column elementor-element elementor-element-69fe137\" data-id=\"69fe137\" data-element_type=\"column\" data-e-type=\"column\">\n\t\t\t<div class=\"elementor-widget-wrap elementor-element-populated\">\n\t\t\t\t\t\t<div class=\"elementor-element elementor-element-d2572b5 elementor-widget elementor-widget-text-editor\" data-id=\"d2572b5\" data-element_type=\"widget\" data-e-type=\"widget\" data-widget_type=\"text-editor.default\">\n\t\t\t\t<div class=\"elementor-widget-container\">\n\t\t\t\t\t\t\t\t\t<p><span style=\"color: #000000;\">W lutym 2021 r. dzieci z oddzia\u0142u przedszkolnego uczestniczy\u0142y a\u017c w 4 zaj\u0119ciach z\u00a0bajkoterapii, na kt\u00f3rych pozna\u0142y wspania\u0142ych bohater\u00f3w zmagaj\u0105cych si\u0119 z r\u00f3\u017cnymi trudno\u015bciami oraz emocjami, kt\u00f3re dzieci stara\u0142y si\u0119 nazwa\u0107 i zrozumie\u0107.<\/span><\/p><p><span style=\"color: #000000;\">Rozmawiali\u015bmy tak\u017ce o zawodzie logopedy z okazji nadchodz\u0105cego Europejskiego Dnia Logopedy. Z tej okazji wsp\u00f3lnie ogl\u0105dali\u015bmy nagranie zaj\u0119\u0107 logopedycznych z cyklu: <em>\u201eZ Tosi\u0105 to proste! Logopedia na weso\u0142o\u201d<\/em> organizowanych przez Teatr Dormana w\u00a0B\u0119dzinie.<\/span><\/p><p>\u00a0<\/p><p><span style=\"color: #000000;\"><em>\u201eNiepan, czyli pan Nie\u201d<\/em><a style=\"color: #000000;\" href=\"#_ftn1\" name=\"_ftnref1\">[1]<\/a><\/span><\/p><p>\u00a0<\/p><p><span style=\"color: #000000;\">Podczas tych zaj\u0119\u0107 nauczyciel przygotowa\u0142 teatrzyk kukie\u0142kowy do tre\u015bci bajki. Dzieci z uwag\u0105 s\u0142ucha\u0142y nagranej bajki oraz ogl\u0105da\u0142y przedstawienie.<\/span><\/p><p><span style=\"color: #000000;\">Pierwszym bohaterem bajki by\u0142 ch\u0142opiec, kt\u00f3ry na wszystkie pro\u015bby swojej mamy odpowiada\u0142 zawzi\u0119cie: \u201enie!\u201d. Dzieci dokona\u0142y oceny zachowania bohatera, podj\u0119\u0142y te\u017c pr\u00f3by zrozumienia emocji, kt\u00f3re odczuwaj\u0105 rodzice, gdy dzieci zachowuj\u0105 si\u0119 w spos\u00f3b niepoprawny.<\/span><\/p><p>\u00a0<\/p><p><span style=\"color: #000000;\"><em>\u201eSzczurek Z\u0142o\u015bnik\u201d<a style=\"color: #000000;\" href=\"#_ftn2\" name=\"_ftnref2\"><strong>[2]<\/strong><\/a><\/em><\/span><\/p><p>\u00a0<\/p><p><span style=\"color: #000000;\">Bohaterem opowiadania by\u0142 szczurek, kt\u00f3ry bardzo szybko popada\u0142 w z\u0142o\u015b\u0107 i cz\u0119sto nie potrafi\u0142 zapanowa\u0107 nad negatywnymi emocjami. Podczas tych zaj\u0119\u0107 przedszkolaki razem z\u00a0nauczycielem stworzy\u0142y \u201eMap\u0119 my\u015bli\u201d szukaj\u0105c odpowiedzi na pytanie: \u201eJak mo\u017cna poradzi\u0107 sobie ze z\u0142o\u015bci\u0105?\u201d.<\/span><\/p><p>\u00a0<\/p><p><span style=\"color: #000000;\"><em>\u201eBajka o \u0141apce\u201d<\/em><a style=\"color: #000000;\" href=\"#_ftn3\" name=\"_ftnref3\">[3]<\/a><\/span><\/p><p><span style=\"color: #000000;\"><em>\u00a0<\/em><\/span><\/p><p><span style=\"color: #000000;\">Bajka poruszaj\u0105ca problem odmienno\u015bci fizycznej (niepe\u0142nosprawno\u015bci). Ide\u0105 utworu by\u0142o u\u015bwiadomienie dzieciom, \u017ce \u017cadna niepe\u0142nosprawno\u015b\u0107 nie czyni z nas gorszych ludzi. Ka\u017cdy jest wyj\u0105tkowy, wa\u017cny, warto\u015bciowy. Dzieci przypomnia\u0142y sobie o wa\u017cnych spo\u0142ecznych zasadach m.in. o tym, \u017ce nie mo\u017cna wy\u015bmiewa\u0107 si\u0119 z os\u00f3b z r\u00f3\u017cnymi niepe\u0142nosprawno\u015bciami.<\/span><\/p><p><span style=\"color: #000000;\"><em>\u00a0<\/em><\/span><\/p><p><span style=\"color: #000000;\"><em>\u201eFranklin gubi si\u0119 w lesie\u201d<\/em><a style=\"color: #000000;\" href=\"#_ftn4\" name=\"_ftnref4\">[4]<\/a><\/span><\/p><p>\u00a0<\/p><p><span style=\"color: #000000;\">Celem bajki by\u0142o u\u015bwiadomienie dzieciom, jak niebezpieczne jest oddalanie si\u0119 od osoby doros\u0142ej (rodzice, dziadkowie, opiekunowie) w nieznanym miejscu lub oddalanie si\u0119 od domu podczas swobodnej zabawy z przyjaci\u00f3\u0142mi. Dzieci wsp\u00f3lnie z nauczycielem om\u00f3wi\u0142y zasady post\u0119powania w przypadku zgubienia.\u00a0<\/span><\/p><p>\u00a0<\/p><p>\u00a0<\/p><p>\u00a0<\/p><p>\u00a0<\/p><p><span style=\"color: #000000;\">Dagmara Cypli\u0144ska-G\u00f3ral<\/span><\/p><p><span style=\"color: #000000;\"><a style=\"color: #000000;\" href=\"#_ftnref1\" name=\"_ftn1\">[1]<\/a> A. Koz\u0142owska, Zaczarowane bajki, kt\u00f3re lecz\u0105 dla dzieci i doros\u0142ych, Warszawa 2007.<\/span><\/p><p><span style=\"color: #000000;\"><a style=\"color: #000000;\" href=\"#_ftnref2\" name=\"_ftn2\">[2]<\/a> A. Koz\u0142owska, Zaczarowane bajki, kt\u00f3re lecz\u0105 dla dzieci i doros\u0142ych, Warszawa 2007.<\/span><\/p><p><span style=\"color: #000000;\"><a style=\"color: #000000;\" href=\"#_ftnref3\" name=\"_ftn3\">[3]<\/a> B. Zi\u00f3\u0142kowska (red.), Niestworzone historie. Bajki edukacyjne, Pozna\u0144 2007.<\/span><\/p><p><span style=\"color: #000000;\"><a style=\"color: #000000;\" href=\"#_ftnref4\" name=\"_ftn4\">[4]<\/a> P. Bourgeois, B. Clark, Franklin gubi si\u0119 w lesie, Katowice 2019.<\/span><\/p>\t\t\t\t\t\t\t\t<\/div>\n\t\t\t\t<\/div>\n\t\t\t\t<div class=\"elementor-element elementor-element-0bc169b elementor-widget elementor-widget-image-gallery\" data-id=\"0bc169b\" data-element_type=\"widget\" data-e-type=\"widget\" data-widget_type=\"image-gallery.default\">\n\t\t\t\t<div class=\"elementor-widget-container\">\n\t\t\t\t\t\t\t<div class=\"elementor-image-gallery\">\n\t\t\t\n\t\t<style type=\"text\/css\">\n\t\t\t#gallery-1 {\n\t\t\t\tmargin: auto;\n\t\t\t}\n\t\t\t#gallery-1 .gallery-item {\n\t\t\t\tfloat: left;\n\t\t\t\tmargin-top: 10px;\n\t\t\t\ttext-align: center;\n\t\t\t\twidth: 25%;\n\t\t\t}\n\t\t\t#gallery-1 img {\n\t\t\t\tborder: 2px solid #cfcfcf;\n\t\t\t}\n\t\t\t#gallery-1 .gallery-caption {\n\t\t\t\tmargin-left: 0;\n\t\t\t}\n\t\t\t\/* see gallery_shortcode() in wp-includes\/media.php *\/\n\t\t<\/style>\n\t\t<div id='gallery-1' class='gallery galleryid-2028 gallery-columns-4 gallery-size-thumbnail'><dl class='gallery-item'>\n\t\t\t<dt class='gallery-icon portrait'>\n\t\t\t\t<a data-elementor-open-lightbox=\"yes\" data-elementor-lightbox-slideshow=\"0bc169b\" data-elementor-lightbox-title=\"Bajkoterapia_luty1\" data-e-action-hash=\"#elementor-action%3Aaction%3Dlightbox%26settings%3DeyJpZCI6MjAyMSwidXJsIjoiaHR0cHM6XC9cL3d3dy5zcDExYmVkemluLmVkdS5wbFwvd3AtY29udGVudFwvdXBsb2Fkc1wvMjAyMVwvMDNcL0JhamtvdGVyYXBpYV9sdXR5MS5qcGciLCJzbGlkZXNob3ciOiIwYmMxNjliIn0%3D\" href='https:\/\/www.sp11bedzin.edu.pl\/wp-content\/uploads\/2021\/03\/Bajkoterapia_luty1.jpg'><img decoding=\"async\" width=\"150\" height=\"150\" src=\"https:\/\/www.sp11bedzin.edu.pl\/wp-content\/uploads\/2021\/03\/Bajkoterapia_luty1-150x150.jpg\" class=\"attachment-thumbnail size-thumbnail\" alt=\"\" srcset=\"https:\/\/www.sp11bedzin.edu.pl\/wp-content\/uploads\/2021\/03\/Bajkoterapia_luty1-150x150.jpg 150w, https:\/\/www.sp11bedzin.edu.pl\/wp-content\/uploads\/2021\/03\/Bajkoterapia_luty1-300x300.jpg 300w\" sizes=\"(max-width: 150px) 100vw, 150px\" \/><\/a>\n\t\t\t<\/dt><\/dl><dl class='gallery-item'>\n\t\t\t<dt class='gallery-icon landscape'>\n\t\t\t\t<a data-elementor-open-lightbox=\"yes\" data-elementor-lightbox-slideshow=\"0bc169b\" data-elementor-lightbox-title=\"Bajkoterapia_luty2\" data-e-action-hash=\"#elementor-action%3Aaction%3Dlightbox%26settings%3DeyJpZCI6MjAyMCwidXJsIjoiaHR0cHM6XC9cL3d3dy5zcDExYmVkemluLmVkdS5wbFwvd3AtY29udGVudFwvdXBsb2Fkc1wvMjAyMVwvMDNcL0JhamtvdGVyYXBpYV9sdXR5Mi5qcGciLCJzbGlkZXNob3ciOiIwYmMxNjliIn0%3D\" href='https:\/\/www.sp11bedzin.edu.pl\/wp-content\/uploads\/2021\/03\/Bajkoterapia_luty2.jpg'><img decoding=\"async\" width=\"150\" height=\"150\" src=\"https:\/\/www.sp11bedzin.edu.pl\/wp-content\/uploads\/2021\/03\/Bajkoterapia_luty2-150x150.jpg\" class=\"attachment-thumbnail size-thumbnail\" alt=\"\" srcset=\"https:\/\/www.sp11bedzin.edu.pl\/wp-content\/uploads\/2021\/03\/Bajkoterapia_luty2-150x150.jpg 150w, https:\/\/www.sp11bedzin.edu.pl\/wp-content\/uploads\/2021\/03\/Bajkoterapia_luty2-300x300.jpg 300w\" sizes=\"(max-width: 150px) 100vw, 150px\" \/><\/a>\n\t\t\t<\/dt><\/dl><dl class='gallery-item'>\n\t\t\t<dt class='gallery-icon portrait'>\n\t\t\t\t<a data-elementor-open-lightbox=\"yes\" data-elementor-lightbox-slideshow=\"0bc169b\" data-elementor-lightbox-title=\"Zaj\u0119cia logopedyczne_luty\" data-e-action-hash=\"#elementor-action%3Aaction%3Dlightbox%26settings%3DeyJpZCI6MjAxOSwidXJsIjoiaHR0cHM6XC9cL3d3dy5zcDExYmVkemluLmVkdS5wbFwvd3AtY29udGVudFwvdXBsb2Fkc1wvMjAyMVwvMDNcL1phamVjaWEtbG9nb3BlZHljem5lX2x1dHktc2NhbGVkLmpwZyIsInNsaWRlc2hvdyI6IjBiYzE2OWIifQ%3D%3D\" href='https:\/\/www.sp11bedzin.edu.pl\/wp-content\/uploads\/2021\/03\/Zajecia-logopedyczne_luty-scaled.jpg'><img decoding=\"async\" width=\"150\" height=\"150\" src=\"https:\/\/www.sp11bedzin.edu.pl\/wp-content\/uploads\/2021\/03\/Zajecia-logopedyczne_luty-150x150.jpg\" class=\"attachment-thumbnail size-thumbnail\" alt=\"\" srcset=\"https:\/\/www.sp11bedzin.edu.pl\/wp-content\/uploads\/2021\/03\/Zajecia-logopedyczne_luty-150x150.jpg 150w, https:\/\/www.sp11bedzin.edu.pl\/wp-content\/uploads\/2021\/03\/Zajecia-logopedyczne_luty-300x300.jpg 300w\" sizes=\"(max-width: 150px) 100vw, 150px\" \/><\/a>\n\t\t\t<\/dt><\/dl>\n\t\t\t<br style='clear: both' \/>\n\t\t<\/div>\n\t\t<\/div>\n\t\t\t\t\t\t<\/div>\n\t\t\t\t<\/div>\n\t\t\t\t\t<\/div>\n\t\t<\/div>\n\t\t\t\t\t<\/div>\n\t\t<\/section>\n\t\t\t\t<\/div>\n\t\t","protected":false},"excerpt":{"rendered":"<p>W lutym 2021 r. dzieci z oddzia\u0142u przedszkolnego uczestniczy\u0142y a\u017c w 4 zaj\u0119ciach z&nbsp;bajkoterapii, na kt\u00f3rych pozna\u0142y wspania\u0142ych bohater\u00f3w zmagaj\u0105cych si\u0119 z r\u00f3\u017cnymi trudno\u015bciami oraz emocjami, kt\u00f3re dzieci stara\u0142y si\u0119 nazwa\u0107 i zrozumie\u0107. Rozmawiali\u015bmy tak\u017ce o zawodzie logopedy z okazji nadchodz\u0105cego Europejskiego Dnia Logopedy. Z tej okazji wsp\u00f3lnie ogl\u0105dali\u015bmy nagranie zaj\u0119\u0107 logopedycznych z cyklu: \u201eZ&hellip;<\/p>\n","protected":false},"author":1,"featured_media":2019,"parent":0,"menu_order":0,"comment_status":"closed","ping_status":"closed","template":"","meta":{"footnotes":""},"class_list":["post-2028","page","type-page","status-publish","has-post-thumbnail","hentry"],"_links":{"self":[{"href":"https:\/\/www.sp11bedzin.edu.pl\/index.php\/wp-json\/wp\/v2\/pages\/2028","targetHints":{"allow":["GET"]}}],"collection":[{"href":"https:\/\/www.sp11bedzin.edu.pl\/index.php\/wp-json\/wp\/v2\/pages"}],"about":[{"href":"https:\/\/www.sp11bedzin.edu.pl\/index.php\/wp-json\/wp\/v2\/types\/page"}],"author":[{"embeddable":true,"href":"https:\/\/www.sp11bedzin.edu.pl\/index.php\/wp-json\/wp\/v2\/users\/1"}],"replies":[{"embeddable":true,"href":"https:\/\/www.sp11bedzin.edu.pl\/index.php\/wp-json\/wp\/v2\/comments?post=2028"}],"version-history":[{"count":21,"href":"https:\/\/www.sp11bedzin.edu.pl\/index.php\/wp-json\/wp\/v2\/pages\/2028\/revisions"}],"predecessor-version":[{"id":2055,"href":"https:\/\/www.sp11bedzin.edu.pl\/index.php\/wp-json\/wp\/v2\/pages\/2028\/revisions\/2055"}],"wp:featuredmedia":[{"embeddable":true,"href":"https:\/\/www.sp11bedzin.edu.pl\/index.php\/wp-json\/wp\/v2\/media\/2019"}],"wp:attachment":[{"href":"https:\/\/www.sp11bedzin.edu.pl\/index.php\/wp-json\/wp\/v2\/media?parent=2028"}],"curies":[{"name":"wp","href":"https:\/\/api.w.org\/{rel}","templated":true}]}}

ZAJĘCIA LOGOPEDYCZNE Z ELEMENTAMI BAJKOTERAPII

<div data-elementor-type="wp-page" data-elementor-id="2028" class="elementor elementor-2028">
						<section class="elementor-section elementor-top-section elementor-element elementor-element-118cdb1 elementor-section-boxed elementor-section-height-default elementor-section-height-default" data-id="118cdb1" data-element_type="section" data-e-type="section">
						<div class="elementor-container elementor-column-gap-default">
					<div class="elementor-column elementor-col-100 elementor-top-column elementor-element elementor-element-69fe137" data-id="69fe137" data-element_type="column" data-e-type="column">
			<div class="elementor-widget-wrap elementor-element-populated">
						<div class="elementor-element elementor-element-d2572b5 elementor-widget elementor-widget-text-editor" data-id="d2572b5" data-element_type="widget" data-e-type="widget" data-widget_type="text-editor.default">
				<div class="elementor-widget-container">
									<p><span style="color: #000000;">W lutym 2021 r. dzieci z oddziału przedszkolnego uczestniczyły aż w 4 zajęciach z bajkoterapii, na których poznały wspaniałych bohaterów zmagających się z różnymi trudnościami oraz emocjami, które dzieci starały się nazwać i zrozumieć.</span></p><p><span style="color: #000000;">Rozmawialiśmy także o zawodzie logopedy z okazji nadchodzącego Europejskiego Dnia Logopedy. Z tej okazji wspólnie oglądaliśmy nagranie zajęć logopedycznych z cyklu: <em>„Z Tosią to proste! Logopedia na wesoło”</em> organizowanych przez Teatr Dormana w Będzinie.</span></p><p> </p><p><span style="color: #000000;"><em>„Niepan, czyli pan Nie”</em><a style="color: #000000;" href="#_ftn1" name="_ftnref1">[1]</a></span></p><p> </p><p><span style="color: #000000;">Podczas tych zajęć nauczyciel przygotował teatrzyk kukiełkowy do treści bajki. Dzieci z uwagą słuchały nagranej bajki oraz oglądały przedstawienie.</span></p><p><span style="color: #000000;">Pierwszym bohaterem bajki był chłopiec, który na wszystkie prośby swojej mamy odpowiadał zawzięcie: „nie!”. Dzieci dokonały oceny zachowania bohatera, podjęły też próby zrozumienia emocji, które odczuwają rodzice, gdy dzieci zachowują się w sposób niepoprawny.</span></p><p> </p><p><span style="color: #000000;"><em>„Szczurek Złośnik”<a style="color: #000000;" href="#_ftn2" name="_ftnref2"><strong>[2]</strong></a></em></span></p><p> </p><p><span style="color: #000000;">Bohaterem opowiadania był szczurek, który bardzo szybko popadał w złość i często nie potrafił zapanować nad negatywnymi emocjami. Podczas tych zajęć przedszkolaki razem z nauczycielem stworzyły „Mapę myśli” szukając odpowiedzi na pytanie: „Jak można poradzić sobie ze złością?”.</span></p><p> </p><p><span style="color: #000000;"><em>„Bajka o Łapce”</em><a style="color: #000000;" href="#_ftn3" name="_ftnref3">[3]</a></span></p><p><span style="color: #000000;"><em> </em></span></p><p><span style="color: #000000;">Bajka poruszająca problem odmienności fizycznej (niepełnosprawności). Ideą utworu było uświadomienie dzieciom, że żadna niepełnosprawność nie czyni z nas gorszych ludzi. Każdy jest wyjątkowy, ważny, wartościowy. Dzieci przypomniały sobie o ważnych społecznych zasadach m.in. o tym, że nie można wyśmiewać się z osób z różnymi niepełnosprawnościami.</span></p><p><span style="color: #000000;"><em> </em></span></p><p><span style="color: #000000;"><em>„Franklin gubi się w lesie”</em><a style="color: #000000;" href="#_ftn4" name="_ftnref4">[4]</a></span></p><p> </p><p><span style="color: #000000;">Celem bajki było uświadomienie dzieciom, jak niebezpieczne jest oddalanie się od osoby dorosłej (rodzice, dziadkowie, opiekunowie) w nieznanym miejscu lub oddalanie się od domu podczas swobodnej zabawy z przyjaciółmi. Dzieci wspólnie z nauczycielem omówiły zasady postępowania w przypadku zgubienia. </span></p><p> </p><p> </p><p> </p><p> </p><p><span style="color: #000000;">Dagmara Cyplińska-Góral</span></p><p><span style="color: #000000;"><a style="color: #000000;" href="#_ftnref1" name="_ftn1">[1]</a> A. Kozłowska, Zaczarowane bajki, które leczą dla dzieci i dorosłych, Warszawa 2007.</span></p><p><span style="color: #000000;"><a style="color: #000000;" href="#_ftnref2" name="_ftn2">[2]</a> A. Kozłowska, Zaczarowane bajki, które leczą dla dzieci i dorosłych, Warszawa 2007.</span></p><p><span style="color: #000000;"><a style="color: #000000;" href="#_ftnref3" name="_ftn3">[3]</a> B. Ziółkowska (red.), Niestworzone historie. Bajki edukacyjne, Poznań 2007.</span></p><p><span style="color: #000000;"><a style="color: #000000;" href="#_ftnref4" name="_ftn4">[4]</a> P. Bourgeois, B. Clark, Franklin gubi się w lesie, Katowice 2019.</span></p>								</div>
				</div>
				<div class="elementor-element elementor-element-0bc169b elementor-widget elementor-widget-image-gallery" data-id="0bc169b" data-element_type="widget" data-e-type="widget" data-widget_type="image-gallery.default">
				<div class="elementor-widget-container">
							<div class="elementor-image-gallery">
			
		<style type="text/css">
			#gallery-1 {
				margin: auto;
			}
			#gallery-1 .gallery-item {
				float: left;
				margin-top: 10px;
				text-align: center;
				width: 25%;
			}
			#gallery-1 img {
				border: 2px solid #cfcfcf;
			}
			#gallery-1 .gallery-caption {
				margin-left: 0;
			}
			/* see gallery_shortcode() in wp-includes/media.php */
		</style>
		<div id='gallery-1' class='gallery galleryid-2028 gallery-columns-4 gallery-size-thumbnail'><dl class='gallery-item'>
			<dt class='gallery-icon portrait'>
				<a data-elementor-open-lightbox="yes" data-elementor-lightbox-slideshow="0bc169b" data-elementor-lightbox-title="Bajkoterapia_luty1" data-e-action-hash="#elementor-action%3Aaction%3Dlightbox%26settings%3DeyJpZCI6MjAyMSwidXJsIjoiaHR0cHM6XC9cL3d3dy5zcDExYmVkemluLmVkdS5wbFwvd3AtY29udGVudFwvdXBsb2Fkc1wvMjAyMVwvMDNcL0JhamtvdGVyYXBpYV9sdXR5MS5qcGciLCJzbGlkZXNob3ciOiIwYmMxNjliIn0%3D" href='https://www.sp11bedzin.edu.pl/wp-content/uploads/2021/03/Bajkoterapia_luty1.jpg'><img decoding="async" width="150" height="150" src="https://www.sp11bedzin.edu.pl/wp-content/uploads/2021/03/Bajkoterapia_luty1-150x150.jpg" class="attachment-thumbnail size-thumbnail" alt="" srcset="https://www.sp11bedzin.edu.pl/wp-content/uploads/2021/03/Bajkoterapia_luty1-150x150.jpg 150w, https://www.sp11bedzin.edu.pl/wp-content/uploads/2021/03/Bajkoterapia_luty1-300x300.jpg 300w" sizes="(max-width: 150px) 100vw, 150px" /></a>
			</dt></dl><dl class='gallery-item'>
			<dt class='gallery-icon landscape'>
				<a data-elementor-open-lightbox="yes" data-elementor-lightbox-slideshow="0bc169b" data-elementor-lightbox-title="Bajkoterapia_luty2" data-e-action-hash="#elementor-action%3Aaction%3Dlightbox%26settings%3DeyJpZCI6MjAyMCwidXJsIjoiaHR0cHM6XC9cL3d3dy5zcDExYmVkemluLmVkdS5wbFwvd3AtY29udGVudFwvdXBsb2Fkc1wvMjAyMVwvMDNcL0JhamtvdGVyYXBpYV9sdXR5Mi5qcGciLCJzbGlkZXNob3ciOiIwYmMxNjliIn0%3D" href='https://www.sp11bedzin.edu.pl/wp-content/uploads/2021/03/Bajkoterapia_luty2.jpg'><img decoding="async" width="150" height="150" src="https://www.sp11bedzin.edu.pl/wp-content/uploads/2021/03/Bajkoterapia_luty2-150x150.jpg" class="attachment-thumbnail size-thumbnail" alt="" srcset="https://www.sp11bedzin.edu.pl/wp-content/uploads/2021/03/Bajkoterapia_luty2-150x150.jpg 150w, https://www.sp11bedzin.edu.pl/wp-content/uploads/2021/03/Bajkoterapia_luty2-300x300.jpg 300w" sizes="(max-width: 150px) 100vw, 150px" /></a>
			</dt></dl><dl class='gallery-item'>
			<dt class='gallery-icon portrait'>
				<a data-elementor-open-lightbox="yes" data-elementor-lightbox-slideshow="0bc169b" data-elementor-lightbox-title="Zajęcia logopedyczne_luty" data-e-action-hash="#elementor-action%3Aaction%3Dlightbox%26settings%3DeyJpZCI6MjAxOSwidXJsIjoiaHR0cHM6XC9cL3d3dy5zcDExYmVkemluLmVkdS5wbFwvd3AtY29udGVudFwvdXBsb2Fkc1wvMjAyMVwvMDNcL1phamVjaWEtbG9nb3BlZHljem5lX2x1dHktc2NhbGVkLmpwZyIsInNsaWRlc2hvdyI6IjBiYzE2OWIifQ%3D%3D" href='https://www.sp11bedzin.edu.pl/wp-content/uploads/2021/03/Zajecia-logopedyczne_luty-scaled.jpg'><img decoding="async" width="150" height="150" src="https://www.sp11bedzin.edu.pl/wp-content/uploads/2021/03/Zajecia-logopedyczne_luty-150x150.jpg" class="attachment-thumbnail size-thumbnail" alt="" srcset="https://www.sp11bedzin.edu.pl/wp-content/uploads/2021/03/Zajecia-logopedyczne_luty-150x150.jpg 150w, https://www.sp11bedzin.edu.pl/wp-content/uploads/2021/03/Zajecia-logopedyczne_luty-300x300.jpg 300w" sizes="(max-width: 150px) 100vw, 150px" /></a>
			</dt></dl>
			<br style='clear: both' />
		</div>
		</div>
						</div>
				</div>
					</div>
		</div>
					</div>
		</section>
				</div>

<p>W lutym 2021 r. dzieci z oddziału przedszkolnego uczestniczyły aż w 4 zajęciach z&nbsp;bajkoterapii, na których poznały wspaniałych bohaterów zmagających się z różnymi trudnościami oraz emocjami, które dzieci starały się nazwać i zrozumieć. Rozmawialiśmy także o zawodzie logopedy z okazji nadchodzącego Europejskiego Dnia Logopedy. Z tej okazji wspólnie oglądaliśmy nagranie zajęć logopedycznych z cyklu: „Z&hellip;</p>
