{"id":19315,"date":"2025-08-25T20:48:09","date_gmt":"2025-08-25T20:48:09","guid":{"rendered":"https:\/\/www.sp11bedzin.edu.pl\/?page_id=19315"},"modified":"2026-01-26T14:57:37","modified_gmt":"2026-01-26T14:57:37","slug":"eduakcja","status":"publish","type":"page","link":"https:\/\/www.sp11bedzin.edu.pl\/index.php\/eduakcja\/","title":{"rendered":"EduAkcja"},"content":{"rendered":"\t\t<div data-elementor-type=\"wp-page\" data-elementor-id=\"19315\" class=\"elementor elementor-19315\">\n\t\t\t\t\t\t<section class=\"elementor-section elementor-top-section elementor-element elementor-element-82cfdd2 elementor-section-boxed elementor-section-height-default elementor-section-height-default\" data-id=\"82cfdd2\" data-element_type=\"section\" data-e-type=\"section\">\n\t\t\t\t\t\t<div class=\"elementor-container elementor-column-gap-default\">\n\t\t\t\t\t<div class=\"elementor-column elementor-col-100 elementor-top-column elementor-element elementor-element-510cc24\" data-id=\"510cc24\" data-element_type=\"column\" data-e-type=\"column\">\n\t\t\t<div class=\"elementor-widget-wrap elementor-element-populated\">\n\t\t\t\t\t\t<div class=\"elementor-element elementor-element-424e158 elementor-widget elementor-widget-image\" data-id=\"424e158\" data-element_type=\"widget\" data-e-type=\"widget\" data-widget_type=\"image.default\">\n\t\t\t\t<div class=\"elementor-widget-container\">\n\t\t\t\t\t\t\t\t\t\t\t\t\t\t\t<img fetchpriority=\"high\" decoding=\"async\" width=\"768\" height=\"543\" src=\"https:\/\/www.sp11bedzin.edu.pl\/wp-content\/uploads\/2025\/08\/Plakat-EduAkcja-768x543.jpg\" class=\"attachment-medium_large size-medium_large wp-image-19317\" alt=\"\" srcset=\"https:\/\/www.sp11bedzin.edu.pl\/wp-content\/uploads\/2025\/08\/Plakat-EduAkcja-768x543.jpg 768w, https:\/\/www.sp11bedzin.edu.pl\/wp-content\/uploads\/2025\/08\/Plakat-EduAkcja-300x212.jpg 300w, https:\/\/www.sp11bedzin.edu.pl\/wp-content\/uploads\/2025\/08\/Plakat-EduAkcja-1024x724.jpg 1024w, https:\/\/www.sp11bedzin.edu.pl\/wp-content\/uploads\/2025\/08\/Plakat-EduAkcja.jpg 1191w\" sizes=\"(max-width: 768px) 100vw, 768px\" \/>\t\t\t\t\t\t\t\t\t\t\t\t\t\t\t<\/div>\n\t\t\t\t<\/div>\n\t\t\t\t<div class=\"elementor-element elementor-element-bf43520 elementor-widget elementor-widget-text-editor\" data-id=\"bf43520\" data-element_type=\"widget\" data-e-type=\"widget\" data-widget_type=\"text-editor.default\">\n\t\t\t\t<div class=\"elementor-widget-container\">\n\t\t\t\t\t\t\t\t\t<h1><span style=\"color: #ff0000;\">WYKAZ FORM WSPARCIA:<\/span><\/h1>\t\t\t\t\t\t\t\t<\/div>\n\t\t\t\t<\/div>\n\t\t\t\t<div class=\"elementor-element elementor-element-9800128 elementor-widget elementor-widget-text-editor\" data-id=\"9800128\" data-element_type=\"widget\" data-e-type=\"widget\" data-widget_type=\"text-editor.default\">\n\t\t\t\t<div class=\"elementor-widget-container\">\n\t\t\t\t\t\t\t\t\t<p style=\"text-align: center;\"><span style=\"color: #000000;\"><strong>Projekt: <\/strong><strong>\u00a0\u201eEduAkcja &#8211; nowa jako\u015b\u0107 kszta\u0142cenia w szko\u0142ach podstawowych w B\u0119dzinie\u201d <br \/><\/strong>wsp\u00f3\u0142finansowany<em> ze \u015brodk\u00f3w\u00a0 Europejskiego Funduszu Spo\u0142ecznego Plus, Program Fundusze Europejskie dla \u015al\u0105skiego 2021-2027, <br \/>Priorytet VI. Fundusze Europejskie dla edukacji, Dzia\u0142anie 6.2 Kszta\u0142cenie og\u00f3lne, <br \/>Typ 1: Podnoszenie jako\u015bci edukacji w kszta\u0142ceniu og\u00f3lnym<\/em><\/span><\/p><p style=\"text-align: center;\"><span style=\"color: #000000;\"><strong><u>Lista proponowanych form wsparcia <br \/>w Szkole Podstawowej nr 11 w B\u0119dzinie<br \/><\/u><\/strong><\/span><span style=\"color: #000000;\"><strong><u>szkolenia\/kursy dla nauczycieli\/nauczycielek<\/u><\/strong><\/span><\/p><ul><li style=\"text-align: left;\"><span style=\"color: #000000;\">Kurs pierwszej pomocy przedmedycznej certyfikowany. \u2013 3h.<\/span><\/li><li style=\"text-align: left;\"><span style=\"color: #000000;\">Warsztaty \u201eSpecyfika pracy z uczniami w zakresie integracji uczni\u00f3w i radzeniu sobie z ich trudno\u015bciami zwi\u0105zanymi z do\u015bwiadczeniem traumy wojennej i migracji\u201d. \u2013 4h.<\/span><\/li><\/ul>\t\t\t\t\t\t\t\t<\/div>\n\t\t\t\t<\/div>\n\t\t\t\t<div class=\"elementor-element elementor-element-08825ec elementor-widget elementor-widget-image\" data-id=\"08825ec\" data-element_type=\"widget\" data-e-type=\"widget\" data-widget_type=\"image.default\">\n\t\t\t\t<div class=\"elementor-widget-container\">\n\t\t\t\t\t\t\t\t\t\t\t\t\t\t\t<img decoding=\"async\" width=\"1024\" height=\"108\" src=\"https:\/\/www.sp11bedzin.edu.pl\/wp-content\/uploads\/2025\/08\/FE-SL-kolor-poziom-br-1024x108.jpg\" class=\"attachment-large size-large wp-image-19316\" alt=\"\" srcset=\"https:\/\/www.sp11bedzin.edu.pl\/wp-content\/uploads\/2025\/08\/FE-SL-kolor-poziom-br-1024x108.jpg 1024w, https:\/\/www.sp11bedzin.edu.pl\/wp-content\/uploads\/2025\/08\/FE-SL-kolor-poziom-br-300x32.jpg 300w, https:\/\/www.sp11bedzin.edu.pl\/wp-content\/uploads\/2025\/08\/FE-SL-kolor-poziom-br-768x81.jpg 768w, https:\/\/www.sp11bedzin.edu.pl\/wp-content\/uploads\/2025\/08\/FE-SL-kolor-poziom-br-1536x162.jpg 1536w, https:\/\/www.sp11bedzin.edu.pl\/wp-content\/uploads\/2025\/08\/FE-SL-kolor-poziom-br.jpg 2015w\" sizes=\"(max-width: 1024px) 100vw, 1024px\" \/>\t\t\t\t\t\t\t\t\t\t\t\t\t\t\t<\/div>\n\t\t\t\t<\/div>\n\t\t\t\t<div class=\"elementor-element elementor-element-93effe8 elementor-widget elementor-widget-text-editor\" data-id=\"93effe8\" data-element_type=\"widget\" data-e-type=\"widget\" data-widget_type=\"text-editor.default\">\n\t\t\t\t<div class=\"elementor-widget-container\">\n\t\t\t\t\t\t\t\t\t<p style=\"text-align: center;\"><span style=\"color: #000000;\"><strong>Projekt: <\/strong><strong>\u00a0\u201eEduAkcja &#8211; nowa jako\u015b\u0107 kszta\u0142cenia w szko\u0142ach podstawowych w B\u0119dzinie\u201d <br \/><\/strong>wsp\u00f3\u0142finansowany<em> ze \u015brodk\u00f3w\u00a0 Europejskiego Funduszu Spo\u0142ecznego Plus, Program Fundusze Europejskie dla \u015al\u0105skiego 2021-2027, <br \/>Priorytet VI. Fundusze Europejskie dla edukacji, Dzia\u0142anie 6.2 Kszta\u0142cenie og\u00f3lne, <br \/>Typ 1: Podnoszenie jako\u015bci edukacji w kszta\u0142ceniu og\u00f3lnym<\/em><\/span><\/p><p style=\"text-align: center;\"><span style=\"color: #000000;\"><strong><u>Lista proponowanych form wsparcia <br \/>w Szkole Podstawowej nr\u00a0 11\u00a0 w B\u0119dzinie<br \/><\/u><\/strong><\/span><span style=\"color: #000000;\"><strong><u>zaj\u0119cia dla uczni\u00f3w\/uczennic<\/u><\/strong><\/span><\/p><p style=\"text-align: center;\"><span style=\"color: #000000;\"><strong><u>Klasy I-III<\/u><\/strong><\/span><\/p><ul style=\"text-align: center;\"><li style=\"text-align: left;\"><span style=\"color: #000000;\">Zdrowo \u017cyj\u0119 \u2013 zaj\u0119cia grupowe promuj\u0105ce zdrowy tryb \u017cycia. \u2013 1-2h tygodniowo; \u0142\u0105cznie 40 godzin.<\/span><\/li><li style=\"text-align: left;\"><span style=\"color: #000000;\">M\u0142odzie\u017cowy ratownik \u2013 zaj\u0119cia grupowe wdra\u017caj\u0105ce do udzielania pierwszej pomocy. \u2013 1-2h tygodniowo; \u0142\u0105cznie 40 godzin.<\/span><\/li><li style=\"text-align: left;\"><span style=\"color: #000000;\">Ciekawi \u015bwiata \u2013 zaj\u0119cia rozwijaj\u0105ce umiej\u0119tno\u015bci przyrodnicze. \u2013 1-2h tygodniowo; \u0142\u0105cznie 40 godzin.<\/span><\/li><li style=\"text-align: left;\"><span style=\"color: #000000;\">Ma\u0142y Omnibus \u2013 zaj\u0119cia wyr\u00f3wnuj\u0105ce szanse matematyczno &#8211; informatyczne. \u2013 1-2h tygodniowo; \u0142\u0105cznie 40 godzin.<\/span><\/li><\/ul><p style=\"text-align: center;\"><span style=\"color: #000000;\"><strong><u>Klasy IV \u2013 VIII<\/u><\/strong><\/span><\/p><ul style=\"text-align: center;\"><li style=\"text-align: left;\"><span style=\"color: #000000;\">Zdrowo \u017cyj\u0119 \u2013 zaj\u0119cia grupowe promuj\u0105ce zdrowy tryb \u017cycia. \u2013 1-2h tygodniowo; \u0142\u0105cznie 40 godzin.<\/span><\/li><li style=\"text-align: left;\"><span style=\"color: #000000;\">M\u0142odzie\u017cowy ratownik \u2013 zaj\u0119cia grupowe wdra\u017caj\u0105ce do udzielania pierwszej pomocy. \u2013 1-2h tygodniowo; \u0142\u0105cznie 40 godzin.<\/span><\/li><li style=\"text-align: left;\"><span style=\"color: #000000;\">Ciekawi \u015bwiata \u2013 zaj\u0119cia rozwijaj\u0105ce umiej\u0119tno\u015bci przyrodnicze. \u2013 1-2h tygodniowo; \u0142\u0105cznie 40 godzin.<\/span><\/li><li style=\"text-align: left;\"><span style=\"color: #000000;\">Ma\u0142y Omnibus \u2013 zaj\u0119cia wyr\u00f3wnuj\u0105ce szanse matematyczno &#8211; informatyczne. \u2013 1-2h tygodniowo; \u0142\u0105cznie 40 godzin.<\/span><\/li><\/ul><p style=\"text-align: center;\"><span style=\"color: #000000;\"><strong><u>Warsztaty dla klas I &#8211; VIII<\/u><\/strong><\/span><\/p><ul style=\"text-align: center;\"><li style=\"text-align: left;\"><span style=\"color: #000000;\">\u201eCyberbezpiecze\u0144stwo, wykorzystanie informatycznych narz\u0119dzi biurowych <\/span><span style=\"color: #000000;\">i higiena cyfrowa\u201d \u2013 3 h,<\/span><\/li><li style=\"text-align: left;\"><span style=\"color: #000000;\">\u201eIntegracja uczni\u00f3w z uwzgl\u0119dnieniem pochodzenia etnicznego i r\u00f3\u017cnych rodzaj\u00f3w niepe\u0142nosprawno\u015bci\u201d \u2013 4 h.<\/span><\/li><\/ul><p style=\"text-align: left;\"><span style=\"color: #000000;\"><strong>\u00a0<\/strong><\/span><\/p><p style=\"text-align: center;\"><span style=\"color: #000000;\"><strong>W projekcie przewidziano r\u00f3wnie\u017c w ramach zaj\u0119\u0107 wyjazdy edukacyjne \u2013 wi\u0119cej informacji w trakcie realizacji projektu.<\/strong><\/span><\/p>\t\t\t\t\t\t\t\t<\/div>\n\t\t\t\t<\/div>\n\t\t\t\t<div class=\"elementor-element elementor-element-121d7ec elementor-widget elementor-widget-image\" data-id=\"121d7ec\" data-element_type=\"widget\" data-e-type=\"widget\" data-widget_type=\"image.default\">\n\t\t\t\t<div class=\"elementor-widget-container\">\n\t\t\t\t\t\t\t\t\t\t\t\t\t\t\t<img decoding=\"async\" width=\"1024\" height=\"108\" src=\"https:\/\/www.sp11bedzin.edu.pl\/wp-content\/uploads\/2025\/08\/FE-SL-kolor-poziom-br-1024x108.jpg\" class=\"attachment-large size-large wp-image-19316\" alt=\"\" srcset=\"https:\/\/www.sp11bedzin.edu.pl\/wp-content\/uploads\/2025\/08\/FE-SL-kolor-poziom-br-1024x108.jpg 1024w, https:\/\/www.sp11bedzin.edu.pl\/wp-content\/uploads\/2025\/08\/FE-SL-kolor-poziom-br-300x32.jpg 300w, https:\/\/www.sp11bedzin.edu.pl\/wp-content\/uploads\/2025\/08\/FE-SL-kolor-poziom-br-768x81.jpg 768w, https:\/\/www.sp11bedzin.edu.pl\/wp-content\/uploads\/2025\/08\/FE-SL-kolor-poziom-br-1536x162.jpg 1536w, https:\/\/www.sp11bedzin.edu.pl\/wp-content\/uploads\/2025\/08\/FE-SL-kolor-poziom-br.jpg 2015w\" sizes=\"(max-width: 1024px) 100vw, 1024px\" \/>\t\t\t\t\t\t\t\t\t\t\t\t\t\t\t<\/div>\n\t\t\t\t<\/div>\n\t\t\t\t<div class=\"elementor-element elementor-element-8dd43c5 elementor-widget elementor-widget-text-editor\" data-id=\"8dd43c5\" data-element_type=\"widget\" data-e-type=\"widget\" data-widget_type=\"text-editor.default\">\n\t\t\t\t<div class=\"elementor-widget-container\">\n\t\t\t\t\t\t\t\t\t<h1><span style=\"color: #ff0000;\">REKRUTACJA:<\/span><\/h1>\t\t\t\t\t\t\t\t<\/div>\n\t\t\t\t<\/div>\n\t\t\t\t<div class=\"elementor-element elementor-element-f0a137a elementor-widget elementor-widget-image-gallery\" data-id=\"f0a137a\" data-element_type=\"widget\" data-e-type=\"widget\" data-widget_type=\"image-gallery.default\">\n\t\t\t\t<div class=\"elementor-widget-container\">\n\t\t\t\t\t\t\t<div class=\"elementor-image-gallery\">\n\t\t\t\n\t\t<style type=\"text\/css\">\n\t\t\t#gallery-1 {\n\t\t\t\tmargin: auto;\n\t\t\t}\n\t\t\t#gallery-1 .gallery-item {\n\t\t\t\tfloat: left;\n\t\t\t\tmargin-top: 10px;\n\t\t\t\ttext-align: center;\n\t\t\t\twidth: 50%;\n\t\t\t}\n\t\t\t#gallery-1 img {\n\t\t\t\tborder: 2px solid #cfcfcf;\n\t\t\t}\n\t\t\t#gallery-1 .gallery-caption {\n\t\t\t\tmargin-left: 0;\n\t\t\t}\n\t\t\t\/* see gallery_shortcode() in wp-includes\/media.php *\/\n\t\t<\/style>\n\t\t<div id='gallery-1' class='gallery galleryid-19315 gallery-columns-2 gallery-size-medium_large'><dl class='gallery-item'>\n\t\t\t<dt class='gallery-icon portrait'>\n\t\t\t\t<a data-elementor-open-lightbox=\"yes\" data-elementor-lightbox-slideshow=\"f0a137a\" data-elementor-lightbox-title=\"Edukakcjastr1\" data-e-action-hash=\"#elementor-action%3Aaction%3Dlightbox%26settings%3DeyJpZCI6MjAwMjcsInVybCI6Imh0dHBzOlwvXC93d3cuc3AxMWJlZHppbi5lZHUucGxcL3dwLWNvbnRlbnRcL3VwbG9hZHNcLzIwMjVcLzEwXC9FZHVrYWtjamFzdHIxLnBuZyIsInNsaWRlc2hvdyI6ImYwYTEzN2EifQ%3D%3D\" href='https:\/\/www.sp11bedzin.edu.pl\/wp-content\/uploads\/2025\/10\/Edukakcjastr1.png'><img decoding=\"async\" width=\"660\" height=\"940\" src=\"https:\/\/www.sp11bedzin.edu.pl\/wp-content\/uploads\/2025\/10\/Edukakcjastr1.png\" class=\"attachment-medium_large size-medium_large\" alt=\"\" srcset=\"https:\/\/www.sp11bedzin.edu.pl\/wp-content\/uploads\/2025\/10\/Edukakcjastr1.png 660w, https:\/\/www.sp11bedzin.edu.pl\/wp-content\/uploads\/2025\/10\/Edukakcjastr1-211x300.png 211w\" sizes=\"(max-width: 660px) 100vw, 660px\" \/><\/a>\n\t\t\t<\/dt><\/dl><dl class='gallery-item'>\n\t\t\t<dt class='gallery-icon portrait'>\n\t\t\t\t<a data-elementor-open-lightbox=\"yes\" data-elementor-lightbox-slideshow=\"f0a137a\" data-elementor-lightbox-title=\"Edukakcjastr2\" data-e-action-hash=\"#elementor-action%3Aaction%3Dlightbox%26settings%3DeyJpZCI6MjAwMjgsInVybCI6Imh0dHBzOlwvXC93d3cuc3AxMWJlZHppbi5lZHUucGxcL3dwLWNvbnRlbnRcL3VwbG9hZHNcLzIwMjVcLzEwXC9FZHVrYWtjamFzdHIyLnBuZyIsInNsaWRlc2hvdyI6ImYwYTEzN2EifQ%3D%3D\" href='https:\/\/www.sp11bedzin.edu.pl\/wp-content\/uploads\/2025\/10\/Edukakcjastr2.png'><img loading=\"lazy\" decoding=\"async\" width=\"660\" height=\"940\" src=\"https:\/\/www.sp11bedzin.edu.pl\/wp-content\/uploads\/2025\/10\/Edukakcjastr2.png\" class=\"attachment-medium_large size-medium_large\" alt=\"\" srcset=\"https:\/\/www.sp11bedzin.edu.pl\/wp-content\/uploads\/2025\/10\/Edukakcjastr2.png 660w, https:\/\/www.sp11bedzin.edu.pl\/wp-content\/uploads\/2025\/10\/Edukakcjastr2-211x300.png 211w\" sizes=\"(max-width: 660px) 100vw, 660px\" \/><\/a>\n\t\t\t<\/dt><\/dl><br style=\"clear: both\" \/>\n\t\t<\/div>\n\t\t<\/div>\n\t\t\t\t\t\t<\/div>\n\t\t\t\t<\/div>\n\t\t\t\t\t<\/div>\n\t\t<\/div>\n\t\t\t\t\t<\/div>\n\t\t<\/section>\n\t\t\t\t<section class=\"elementor-section elementor-top-section elementor-element elementor-element-0de2ff0 elementor-section-boxed elementor-section-height-default elementor-section-height-default\" data-id=\"0de2ff0\" data-element_type=\"section\" data-e-type=\"section\">\n\t\t\t\t\t\t<div class=\"elementor-container elementor-column-gap-default\">\n\t\t\t\t\t<div class=\"elementor-column elementor-col-100 elementor-top-column elementor-element elementor-element-d8b2ab7\" data-id=\"d8b2ab7\" data-element_type=\"column\" data-e-type=\"column\">\n\t\t\t<div class=\"elementor-widget-wrap elementor-element-populated\">\n\t\t\t\t\t\t<div class=\"elementor-element elementor-element-5f8ffc8 elementor-widget elementor-widget-text-editor\" data-id=\"5f8ffc8\" data-element_type=\"widget\" data-e-type=\"widget\" data-widget_type=\"text-editor.default\">\n\t\t\t\t<div class=\"elementor-widget-container\">\n\t\t\t\t\t\t\t\t\t<h2><a href=\"https:\/\/www.sp11bedzin.edu.pl\/wp-content\/uploads\/2025\/10\/Regulamin-rekrutacji-i-uczestnictwa-w-projekcie.pdf\">Regulamin rekrutacji i uczestnictwa w projekcie<\/a><\/h2><h2><a href=\"https:\/\/www.sp11bedzin.edu.pl\/wp-content\/uploads\/2025\/10\/Zal.-1-Formularz-zgloszeniowy-uczniow.pdf\">Za\u0142. 1 &#8211; Formularz zg\u0142oszeniowy-uczni\u00f3w<\/a><\/h2><h2><a href=\"https:\/\/www.sp11bedzin.edu.pl\/wp-content\/uploads\/2025\/10\/Zal.-2-Formularz-zgloszeniowy-nauczycieli.pdf\">Za\u0142. 2 &#8211; Formularz zg\u0142oszeniowy-nauczycieli<\/a><\/h2><h2><a href=\"https:\/\/www.sp11bedzin.edu.pl\/wp-content\/uploads\/2025\/10\/Zal.-3-Klauzula-wyrazenia-zgody-uczniowie-nauczyciele.pdf\">Za\u0142. 3 &#8211; Klauzula wyra\u017cenia zgody (uczniowie, nauczyciele)<\/a><\/h2><h2><a href=\"https:\/\/www.sp11bedzin.edu.pl\/wp-content\/uploads\/2025\/10\/Zal.-4-Deklaracja-uczestnictwa-uczniow.pdf\">Za\u0142. 4 &#8211; Deklaracja uczestnictwa &#8211; uczni\u00f3w<\/a><\/h2><h2><a href=\"https:\/\/www.sp11bedzin.edu.pl\/wp-content\/uploads\/2025\/10\/Zal.-5-Deklaracja-uczestnictwa-nauczycieli.pdf\">Za\u0142. 5 &#8211; Deklaracja uczestnictwa &#8211; nauczycieli<\/a><\/h2><h2><a href=\"https:\/\/www.sp11bedzin.edu.pl\/wp-content\/uploads\/2025\/10\/Zal.-6-Klauzula-informacyjna-uczniowie-nauczyciele.pdf\">Za\u0142. 6 &#8211; Klauzula informacyjna (uczniowie, nauczyciele)<\/a><\/h2><h2><a href=\"https:\/\/www.sp11bedzin.edu.pl\/wp-content\/uploads\/2025\/10\/Zal.-7-Rezygnacja-z-udzialu-w-projekcie-uczniowie-nauczyciele.pdf\">Za\u0142. 7 &#8211; Rezygnacja z udzia\u0142u w projekcie (uczniowie, nauczyciele)<\/a><\/h2>\t\t\t\t\t\t\t\t<\/div>\n\t\t\t\t<\/div>\n\t\t\t\t<div class=\"elementor-element elementor-element-123b0f3 elementor-widget elementor-widget-image\" data-id=\"123b0f3\" data-element_type=\"widget\" data-e-type=\"widget\" data-widget_type=\"image.default\">\n\t\t\t\t<div class=\"elementor-widget-container\">\n\t\t\t\t\t\t\t\t\t\t\t\t\t\t\t<img decoding=\"async\" width=\"1024\" height=\"108\" src=\"https:\/\/www.sp11bedzin.edu.pl\/wp-content\/uploads\/2025\/08\/FE-SL-kolor-poziom-br-1024x108.jpg\" class=\"attachment-large size-large wp-image-19316\" alt=\"\" srcset=\"https:\/\/www.sp11bedzin.edu.pl\/wp-content\/uploads\/2025\/08\/FE-SL-kolor-poziom-br-1024x108.jpg 1024w, https:\/\/www.sp11bedzin.edu.pl\/wp-content\/uploads\/2025\/08\/FE-SL-kolor-poziom-br-300x32.jpg 300w, https:\/\/www.sp11bedzin.edu.pl\/wp-content\/uploads\/2025\/08\/FE-SL-kolor-poziom-br-768x81.jpg 768w, https:\/\/www.sp11bedzin.edu.pl\/wp-content\/uploads\/2025\/08\/FE-SL-kolor-poziom-br-1536x162.jpg 1536w, https:\/\/www.sp11bedzin.edu.pl\/wp-content\/uploads\/2025\/08\/FE-SL-kolor-poziom-br.jpg 2015w\" sizes=\"(max-width: 1024px) 100vw, 1024px\" \/>\t\t\t\t\t\t\t\t\t\t\t\t\t\t\t<\/div>\n\t\t\t\t<\/div>\n\t\t\t\t<div class=\"elementor-element elementor-element-be20b46 elementor-widget elementor-widget-text-editor\" data-id=\"be20b46\" data-element_type=\"widget\" data-e-type=\"widget\" data-widget_type=\"text-editor.default\">\n\t\t\t\t<div class=\"elementor-widget-container\">\n\t\t\t\t\t\t\t\t\t<h1><span style=\"color: #ff0000;\"><strong>REKRUTACJA DLA NAUCZYCIELI:<\/strong><\/span><\/h1><h1><a href=\"https:\/\/www.sp11bedzin.edu.pl\/wp-content\/uploads\/2025\/11\/1.-Regulamin-wyboru-nauczycieli.docx\">1. Regulamin wyboru nauczycieli<\/a><\/h1><p>\u00a0<\/p><h1><a href=\"https:\/\/www.sp11bedzin.edu.pl\/wp-content\/uploads\/2025\/11\/3.-Formularz-ofertowy.docx\">3. Formularz ofertowy &#8211; nauczyciele<\/a><\/h1>\t\t\t\t\t\t\t\t<\/div>\n\t\t\t\t<\/div>\n\t\t\t\t\t<\/div>\n\t\t<\/div>\n\t\t\t\t\t<\/div>\n\t\t<\/section>\n\t\t\t\t<\/div>\n\t\t","protected":false},"excerpt":{"rendered":"<p>WYKAZ FORM WSPARCIA: Projekt: \u00a0\u201eEduAkcja &#8211; nowa jako\u015b\u0107 kszta\u0142cenia w szko\u0142ach podstawowych w B\u0119dzinie\u201d wsp\u00f3\u0142finansowany ze \u015brodk\u00f3w\u00a0 Europejskiego Funduszu Spo\u0142ecznego Plus, Program Fundusze Europejskie dla \u015al\u0105skiego 2021-2027, Priorytet VI. Fundusze Europejskie dla edukacji, Dzia\u0142anie 6.2 Kszta\u0142cenie og\u00f3lne, Typ 1: Podnoszenie jako\u015bci edukacji w kszta\u0142ceniu og\u00f3lnym Lista proponowanych form wsparcia w Szkole Podstawowej nr 11 w&hellip;<\/p>\n","protected":false},"author":1,"featured_media":0,"parent":0,"menu_order":0,"comment_status":"closed","ping_status":"closed","template":"","meta":{"footnotes":""},"class_list":["post-19315","page","type-page","status-publish","hentry"],"_links":{"self":[{"href":"https:\/\/www.sp11bedzin.edu.pl\/index.php\/wp-json\/wp\/v2\/pages\/19315","targetHints":{"allow":["GET"]}}],"collection":[{"href":"https:\/\/www.sp11bedzin.edu.pl\/index.php\/wp-json\/wp\/v2\/pages"}],"about":[{"href":"https:\/\/www.sp11bedzin.edu.pl\/index.php\/wp-json\/wp\/v2\/types\/page"}],"author":[{"embeddable":true,"href":"https:\/\/www.sp11bedzin.edu.pl\/index.php\/wp-json\/wp\/v2\/users\/1"}],"replies":[{"embeddable":true,"href":"https:\/\/www.sp11bedzin.edu.pl\/index.php\/wp-json\/wp\/v2\/comments?post=19315"}],"version-history":[{"count":27,"href":"https:\/\/www.sp11bedzin.edu.pl\/index.php\/wp-json\/wp\/v2\/pages\/19315\/revisions"}],"predecessor-version":[{"id":20939,"href":"https:\/\/www.sp11bedzin.edu.pl\/index.php\/wp-json\/wp\/v2\/pages\/19315\/revisions\/20939"}],"wp:attachment":[{"href":"https:\/\/www.sp11bedzin.edu.pl\/index.php\/wp-json\/wp\/v2\/media?parent=19315"}],"curies":[{"name":"wp","href":"https:\/\/api.w.org\/{rel}","templated":true}]}}