{"id":123,"date":"2020-09-20T17:44:44","date_gmt":"2020-09-20T17:44:44","guid":{"rendered":"http:\/\/sp11bedzin.edu.pl\/?page_id=123"},"modified":"2026-02-12T17:46:20","modified_gmt":"2026-02-12T17:46:20","slug":"rada-rodzicow","status":"publish","type":"page","link":"https:\/\/www.sp11bedzin.edu.pl\/index.php\/rada-rodzicow\/","title":{"rendered":"Rada rodzic\u00f3w"},"content":{"rendered":"\t\t<div data-elementor-type=\"wp-page\" data-elementor-id=\"123\" class=\"elementor elementor-123\">\n\t\t\t\t\t\t<section class=\"elementor-section elementor-top-section elementor-element elementor-element-0cf7030 elementor-section-boxed elementor-section-height-default elementor-section-height-default\" data-id=\"0cf7030\" data-element_type=\"section\" data-e-type=\"section\">\n\t\t\t\t\t\t<div class=\"elementor-container elementor-column-gap-default\">\n\t\t\t\t\t<div class=\"elementor-column elementor-col-100 elementor-top-column elementor-element elementor-element-284dbf2\" data-id=\"284dbf2\" data-element_type=\"column\" data-e-type=\"column\">\n\t\t\t<div class=\"elementor-widget-wrap elementor-element-populated\">\n\t\t\t\t\t\t<div class=\"elementor-element elementor-element-942c916 elementor-widget elementor-widget-text-editor\" data-id=\"942c916\" data-element_type=\"widget\" data-e-type=\"widget\" data-widget_type=\"text-editor.default\">\n\t\t\t\t<div class=\"elementor-widget-container\">\n\t\t\t\t\t\t\t\t\t<p style=\"text-align: center;\"><span style=\"color: #000000;\">Wp\u0142aty na rzecz&nbsp;<strong>RADY RODZIC\u00d3W&nbsp;<\/strong>przy Szkole Podstawowej nr 11 w B\u0119dzinie <\/span><br><span style=\"color: #000000;\">mo\u017cna dokonywa\u0107 na konto Rady Rodzic\u00f3w:<\/span><\/p>\n<p style=\"text-align: center;\"><span style=\"color: #000000;\">Velo Bank S.A. 11 1560 1010 0000 9010 0024 2044<\/span><\/p>\n<p style=\"text-align: center;\"><span style=\"color: #000000;\"><strong>Prezydium Rady Rodzic\u00f3w:<\/strong><\/span><\/p>\n<p style=\"text-align: center;\"><span style=\"color: #000000;\">Przewodnicz\u0105ca Agnieszka Opara<br><\/span><span style=\"color: rgb(0, 0, 0);\">Zast\u0119pca Przewodnicz\u0105cej<\/span><span style=\"color: #000000;\">&nbsp;Jacek Klami\u0144ski<\/span><br><span style=\"color: #000000;\">&nbsp;<\/span><span style=\"color: #000000;\">Skarbnik&nbsp; Anna Puc<\/span><\/p>\n<p style=\"text-align: center;\"><span style=\"color: #000000;\"><strong>PROGRAM DZIA\u0141A\u0143 RADY RODZIC\u00d3W<\/strong><\/span><\/p>\n<p style=\"text-align: center;\"><span style=\"color: #000000;\"><strong>Rok szkolny 2025\/2026<\/strong><\/span><\/p>\n<ol>\n<li style=\"list-style-type: none;\">\n<ol>\n<li><span style=\"color: #000000;\">Zapoznanie i akceptacja dzia\u0142a\u0144 dotycz\u0105cych organizacji szko\u0142y \u2013 zaj\u0119cia obowi\u0105zkowe, zaj\u0119cia dodatkowe, ko\u0142a zainteresowa\u0144, harmonogram konkurs\u00f3w, imprez \u015brodowiskowych.<\/span><\/li>\n<li><span style=\"color: #000000;\">Stosowanie si\u0119 do procedur bezpiecze\u0144stwa w czasie korzystania z boiska szkolnego i placu zabaw po lekcjach, odpowiedzialno\u015b\u0107 rodzica za dziecko w czasie korzystania z tych miejsc w godzinach popo\u0142udniowych.<\/span><\/li>\n<li><span style=\"color: #000000;\">Aktywne w\u0142\u0105czenie rodzic\u00f3w w realizacj\u0119 programu wychowawczo- profilaktycznego szko\u0142y. Wspieranie dzia\u0142a\u0144 wychowawczych i profilaktycznych szko\u0142y.<\/span><\/li>\n<li><span style=\"color: #000000;\">Preliminarz wydatk\u00f3w finansowych.<\/span><\/li>\n<li><span style=\"color: #000000;\">Wsp\u00f3\u0142dzia\u0142anie w zakresie popo\u0142udniowej szko\u0142y dla rodzic\u00f3w.<\/span><\/li>\n<li><span style=\"color: #000000;\">Wspieranie dzia\u0142a\u0144 wychowawczo-profilaktycznych nauczycieli i pedagoga szkolnego , pedagoga specjalnego i psychologa.<\/span><\/li>\n<li><span style=\"color: #000000;\">Aktywizowanie rodzic\u00f3w do pracy na rzecz szko\u0142y i organizowanie dzia\u0142a\u0144 owocuj\u0105cych wsparciem finansowym dla szko\u0142y.<\/span><\/li>\n<li><span style=\"color: #000000;\">Wsp\u00f3\u0142praca z dyrektorem szko\u0142y w zakresie oceny pracy nauczyciela i awansu zawodowego<\/span><\/li>\n<\/ol>\n<\/li>\n<\/ol>\n<p style=\"text-align: center;\">\n<\/p>\t\t\t\t\t\t\t\t<\/div>\n\t\t\t\t<\/div>\n\t\t\t\t\t<\/div>\n\t\t<\/div>\n\t\t\t\t\t<\/div>\n\t\t<\/section>\n\t\t\t\t<\/div>\n\t\t","protected":false},"excerpt":{"rendered":"<p>Wp\u0142aty na rzecz&nbsp;RADY RODZIC\u00d3W&nbsp;przy Szkole Podstawowej nr 11 w B\u0119dzinie mo\u017cna dokonywa\u0107 na konto Rady Rodzic\u00f3w: Velo Bank S.A. 11 1560 1010 0000 9010 0024 2044 Prezydium Rady Rodzic\u00f3w: Przewodnicz\u0105ca Agnieszka OparaZast\u0119pca Przewodnicz\u0105cej&nbsp;Jacek Klami\u0144ski&nbsp;Skarbnik&nbsp; Anna Puc PROGRAM DZIA\u0141A\u0143 RADY RODZIC\u00d3W Rok szkolny 2025\/2026 Zapoznanie i akceptacja dzia\u0142a\u0144 dotycz\u0105cych organizacji szko\u0142y \u2013 zaj\u0119cia obowi\u0105zkowe, zaj\u0119cia dodatkowe,&hellip;<\/p>\n","protected":false},"author":1,"featured_media":0,"parent":0,"menu_order":0,"comment_status":"closed","ping_status":"closed","template":"","meta":{"footnotes":""},"class_list":["post-123","page","type-page","status-publish","hentry"],"_links":{"self":[{"href":"https:\/\/www.sp11bedzin.edu.pl\/index.php\/wp-json\/wp\/v2\/pages\/123","targetHints":{"allow":["GET"]}}],"collection":[{"href":"https:\/\/www.sp11bedzin.edu.pl\/index.php\/wp-json\/wp\/v2\/pages"}],"about":[{"href":"https:\/\/www.sp11bedzin.edu.pl\/index.php\/wp-json\/wp\/v2\/types\/page"}],"author":[{"embeddable":true,"href":"https:\/\/www.sp11bedzin.edu.pl\/index.php\/wp-json\/wp\/v2\/users\/1"}],"replies":[{"embeddable":true,"href":"https:\/\/www.sp11bedzin.edu.pl\/index.php\/wp-json\/wp\/v2\/comments?post=123"}],"version-history":[{"count":51,"href":"https:\/\/www.sp11bedzin.edu.pl\/index.php\/wp-json\/wp\/v2\/pages\/123\/revisions"}],"predecessor-version":[{"id":21022,"href":"https:\/\/www.sp11bedzin.edu.pl\/index.php\/wp-json\/wp\/v2\/pages\/123\/revisions\/21022"}],"wp:attachment":[{"href":"https:\/\/www.sp11bedzin.edu.pl\/index.php\/wp-json\/wp\/v2\/media?parent=123"}],"curies":[{"name":"wp","href":"https:\/\/api.w.org\/{rel}","templated":true}]}}